 (-9)/(-3) + (2 - 1). Let i be t/(-10) - (-6)/(-10). Let r = i - -8. Is r a prime number?
True
Is (-415)/2*12/(-6) a composite number?
True
Let s = 110 + 285. Is s a prime number?
False
Suppose 4*v - 5*u = 2776, 4*v - u = 3*u + 2780. Suppose -k - v = -4*k. Is k a composite number?
False
Let c = 5 + 10. Suppose 0 = -5*n + c. Suppose 2*g - 82 = -4*p, -n*g - g - p + 129 = 0. Is g composite?
False
Let h(c) = -31*c - 16. Is h(-5) a prime number?
True
Let s = 3 + 1. Suppose -2*y + 35 = -6*d + 3*d, 3*d + 16 = y. Suppose -s*c + h = -199, 68 + y = 2*c - 3*h. Is c a composite number?
True
Suppose a + 4*a = 25. Suppose -3*t = 3*p + 3, a*p - 3*t = -2*t + 1. Suppose -297 = -3*u - p*q - 3*q, u - 2*q = 87. Is u composite?
True
Let a = -10 - -32. Let v be 1 + -2 + (a - 2). Suppose 2 = 2*g, -4*s + 3*g - v + 156 = 0. Is s composite?
True
Let q be 8/(-28) - 3356/14. Let b = q + 420. Let g = -121 + b. Is g composite?
False
Let f(h) = h - 8. Let l be f(10). Suppose -78 = -l*u + 4*b, -2*b = -u + 2*u - 23. Is u prime?
True
Let d be 2/((2/(-1))/(-4)). Suppose k + 4*g - 285 = -d*k, -5*k = -3*g - 285. Is k prime?
False
Suppose -258 + 34 = 4*h. Let p = -19 - h. Is p a prime number?
True
Let b(c) = 13*c**2 + 2*c - 3. Suppose 2*q + 26 = 2*l + 7*q, 4*l = 3*q + 26. Let o = -6 + l. Is b(o) prime?
True
Let c be (0 + 2)*14/(-4). Let u = c - -21. Is u a composite number?
True
Let g(f) = f + 17. Let s be g(-14). Suppose 62 = s*d - 31. Is d a composite number?
False
Is ((-862)/4)/(1/(-2)) a prime number?
True
Let r(k) = -k**3 + 9*k**2 - 12*k + 6. Suppose 13 = 2*x - 3. Let g be r(x). Let j = g + 45. Is j a composite number?
False
Suppose r + r + 4 = 0, -5*w = -r - 1987. Is w a prime number?
True
Suppose 0 = -4*s + 3 + 9. Is s a prime number?
True
Is ((-1016)/(-24))/(1/3) a composite number?
False
Let f = 344 - 129. Is f a composite number?
True
Suppose -2*x = 8, -2*y = -7*y - x + 6. Suppose -1 - 9 = -y*p. Suppose 5*g - 267 = 3*w, 206 = p*g + w - 45. Is g prime?
False
Let i be (0 - 6)/(-1 - 1). Suppose 3*w + 16 = q, 0 = -i*q - w - 19 + 77. Is q - (-1 + 2)*0 prime?
True
Let t = 1 - 3. Is 2/((-3)/111*t) a composite number?
False
Suppose 3*r - 3*n = -n + 675, 4*r - 898 = 2*n. Is r a composite number?
False
Is (-2 - 1)/((-14)/1498) prime?
False
Let x be 48/22 - (-14)/(-77). Let z = 71 - x. Is z prime?
False
Let p be -5*3/((-45)/6). Suppose p*l - 1 = l. Is (-1)/1 - -15*l a prime number?
False
Let w(o) = o**3 + 5*o**2 + 5. Let n be w(-5). Suppose -p + n*p = -92. Let u = 44 + p. Is u prime?
False
Is -13*(-1 + (1 - -2 - 139)) a composite number?
True
Suppose 4 = -h - 3*g, g + 2*g = 3*h - 12. Let q = 60 + -39. Is -2 - -1*(h + q) composite?
True
Let n = -3 + 2. Let v = n + -2. Is (-110)/v + (-1)/(-3) a prime number?
True
Suppose -640 = -x + 5*z, 4*x + x - 3084 = -4*z. Suppose 3*g - 7*g = 4*j - x, 4*j - 638 = 5*g. Is j prime?
True
Let k be -2*1/(1/(-482)). Let z = 1395 - k. Is z a composite number?
False
Let b(m) = m. Let t be b(2). Suppose 0 = t*z + 2*s + 2*s - 34, -20 = 5*s. Is z composite?
True
Suppose s + s = -134. Let a = 104 + s. Is a a composite number?
False
Suppose 33 - 181 = -2*l. Is l prime?
False
Suppose 2*o + 4*b + 12 = 0, 5*o + 5*b = 7*b - 54. Let t = o + 31. Is t composite?
True
Suppose 0 = 5*a, a - 4*a + 12 = 4*x. Suppose -5*p = x*s - 830, -4*s - 143 = -2*p + p. Is p composite?
False
Suppose -8*p + 10*p = 6. Suppose -p*q + 186 - 27 = 0. Is q prime?
True
Suppose 4*o - 5*c = -15, 2*o + 5*c - 15 = -0*o. Suppose 4*p - 9*p + 385 = o. Is p a prime number?
False
Let g(a) = -a**3 + 4*a**2 - 2*a + 3. Let p be g(4). Let s(z) = z**3 + 5*z**2 - 1. Let r be s(p). Is r - -2 - (2 + -8) prime?
True
Let l = 212 + -9. Is l a prime number?
False
Let f be 6 - (-2 - -1)/1. Let y(p) = -2 - p - 3 + f*p. Is y(6) composite?
False
Let a(u) = u + 3*u + 33 - 2*u - 3*u. Is a(0) a composite number?
True
Suppose -2*n - 693 = 109. Let j = n - -720. Is j prime?
False
Let w(i) be the third derivative of -i**6/120 - i**5/15 + 5*i**4/24 + i**3/2 - i**2. Let f be w(-5). Is (f + -4)/((-2)/14) prime?
True
Let c(m) = m**2 - 3. Let j be c(3). Suppose 2*o + 628 = j*o. Is o composite?
False
Is -166*(6/(-4) - (-11 - -10)) composite?
False
Let b(j) = 34*j**2 - 2*j. Let s be b(-2). Suppose 2*t - 6*t - 4*h + s = 0, 2*t - 62 = 2*h. Is t a prime number?
False
Let y = -13 + 18. Suppose y*t + 4*o = 24, 5*o = 5*t - 4 - 56. Suppose t*f - 2*z = 4*f + 1018, -1305 = -5*f - 4*z. Is f a composite number?
False
Let k(s) = -s**2 + 14*s + 4. Let h(l) = -l**3 - 2*l**2 + 3. Let y be h(-3). Suppose o = -o + 4*v + 26, -4*v - y = 0. Is k(o) composite?
False
Suppose c + 3*p - 47 = 0, 5*c - p + 0*p = 299. Suppose 2*z = 19 + c. Suppose -z = q - 136. Is q prime?
True
Let i(r) = r**3 + 6*r**2 - 4*r + 13. Is i(-6) a prime number?
True
Let r(o) = -o - 1. Let z(a) = a + 1. Let q(g) = -2*r(g) - z(g). Is q(6) a prime number?
True
Is (-4)/(-80)*-4 + 1466/5 composite?
False
Suppose 5*m = 2*m - 462. Let k = m - -461. Is k composite?
False
Let j = 1688 - 309. Is j a prime number?
False
Suppose -3*t = 12, -4*t + 117 = 2*n - 1549. Is n composite?
True
Suppose 0 = -2*h - 3*i + 98, -3*h + 178 = h - 3*i. Suppose 3*y = -v + h, y = -0*v + 3*v - 168. Is v a prime number?
False
Suppose -18 = 4*q + 2. Is (-102)/q*15/6 a prime number?
False
Let m(i) = i - 6. Let q be m(0). Is 9/(-6) - 411/q prime?
True
Is (-3 + 331)/2 + -1 prime?
True
Is 951/9 + (-2)/(-6) a prime number?
False
Is 10*(-2 + 21) - 0 - 3 composite?
True
Suppose 4*i = 0, -4*q + 226 + 22 = -4*i. Suppose q = -x + 3*x. Is x a prime number?
True
Let w be ((-476)/21)/((-2)/6). Suppose -2*y - 2 = -w. Is y a composite number?
True
Let h be 0/1*2/2. Let d(j) = j + 10. Let t be d(-5). Suppose -56 - 65 = -t*z + x, h = -z + x + 21. Is z a prime number?
False
Let t = 1163 + -608. Is ((-8)/(-10))/(6/t) a prime number?
False
Let n = -15 - -3. Is (-9)/n*4 + 55 prime?
False
Let t = 3 - 5. Suppose 0 = -7*q - 21 - 7. Is q/(-8) + (-75)/t a composite number?
True
Let n = -9 + 29. Let b be 19/(4/(-6) + 1). Let s = b - n. Is s composite?
False
Let h = 4275 + -2712. Is h prime?
False
Suppose 4145 - 1459 = 2*i. Is i a composite number?
True
Suppose 3*a + 534 = 3*n, 0 = -2*n + a + 446 - 94. Suppose 5*w + 19 - n = 0. Is w a composite number?
False
Suppose -4*d + 754 = -514. Suppose 2*m + f = d, -4*f = -m - m + 342. Is m a prime number?
False
Let l = 99 + 67. Is l a composite number?
True
Let v be ((-4)/8)/((-1)/22). Suppose 4*p - 1 - v = 0. Suppose 3*j - 5*q - 31 = -8, -4*j + 50 = p*q. Is j prime?
True
Suppose 4*f - 11*f = -805. Is f a prime number?
False
Let d(o) = 11*o**2 + o - 5. Let s(x) = 33*x**2 + 2*x - 14. Let n(i) = -11*d(i) + 4*s(i). Let w be ((-15)/10)/(3/(-6)). Is n(w) a composite number?
False
Suppose 3*s + 4*t = -0*t + 1679, -3*s - 2*t = -1675. Is s composite?
False
Suppose -1776 = -4*g - 4*d, -2*d = -2*g - 0*d + 868. Is g a composite number?
False
Suppose 4*o = -0*o. Suppose -2 = 2*g, o = -2*j + j + 3*g + 5. Suppose -j*c = 5*y - 34, -5*y + 0*y = -c - 13. Is c a prime number?
True
Let y(j) = j**3 - 8*j**2 + 6*j + 3. Let q be y(8). Let n be q/9 + 2/(-3). Suppose 2*f + 237 = n*f. Is f a prime number?
True
Let b be ((-36)/30)/(2/(-5)). Suppose -b*z = -228 + 582. Let a = -63 - z. Is a a prime number?
False
Let f = -6 + 11. Suppose 0 = -i + f*i - 16. Suppose i*o + c - 71 - 51 = 0, -3*o = -3*c - 99. Is o prime?
True
Suppose b - 225 = -2*b. Suppose 4*y - b = 29. Is y prime?
False
Let n(l) = -5*l + 5. Let h = 3 + -1. Suppose h - 32 = 5*f. Is n(f) prime?
False
Suppose -5*k + 24768 = 4*s - 9*k, -3*k = -4*s + 24773. Is s composite?
False
Suppose 4*h - 396 + 80 = 0. Is h composite?
False
Suppose 0 = z + 2*c - 1, z - 5*c = -2*z - 52. Is (69/9)/((-3)/z) composite?
False
Let y(l) = -11 - 14*l - 2 + 4. Is y(-7) composite?
False
Let s = 18 + -16. Suppose -s*k = 3*k - 445. Is k prime?
True
Let s(r) = 2*r**2 - 8*r + 7. Let c = -3 + 3. Suppose c = -2*m - m + 18. Is s(m) prime?
True
Let w(p) = -3*p**3 - 12*p + 7. Is w(-8) prime?
False
Suppose -4*q + 8*q = 0. Suppose -4*b + 3*b + 43 = q. Let j = 15 + b. Is j a composite number?
True
Let m(t) = 119*t - 1. Let w be m(1). Let d = w + -65. Is d a prime number?
True
Let y(r) = -10*r + 31. Is y(-13) a prime number?
False
Let s(d) = d**3 + 4*d**2 - 4*d + 6. Is s(7) a composite number?
True
